3?
4
What is the hundred millions digit of 1450400180?
4
What is the ten millions digit of 237756747?
3
What is the tens digit of 4124638857?
5
What is the units digit of 2031152941?
1
What is the billions digit of 1570432479?
1
What is the hundred thousands digit of 896452896?
4
What is the hundred thousands digit of 403430176?
4
What is the units digit of 2147871291?
1
What is the units digit of 354688610?
0
What is the thousands digit of 2026628017?
8
What is the thousands digit of 31759368?
9
What is the thousands digit of 46675799?
5
What is the hundred thousands digit of 1758547798?
5
What is the ten thousands digit of 362734946?
3
What is the thousands digit of 752888014?
8
What is the thousands digit of 956146801?
6
What is the thousands digit of 2080160458?
0
What is the thousands digit of 39897645?
7
What is the units digit of 229965033?
3
What is the hundreds digit of 11524227?
2
What is the units digit of 173256241?
1
What is the hundred millions digit of 799693661?
7
What is the thousands digit of 149015?
9
What is the hundreds digit of 99324657?
6
What is the hundred thousands digit of 469181207?
1
What is the ten millions digit of 106893475?
0
What is the thousands digit of 1533245514?
5
What is the hundred millions digit of 189354999?
1
What is the hundred millions digit of 637254155?
6
What is the hundred thousands digit of 171056803?
0
What is the millions digit of 49226764?
9
What is the ten thousands digit of 75540363?
4
What is the ten thousands digit of 1733479698?
7
What is the hundred thousands digit of 2319248161?
2
What is the tens digit of 1154744145?
4
What is the millions digit of 790144016?
0
What is the units digit of 1466400?
0
What is the hundreds digit of 259792770?
7
What is the thousands digit of 25483238?
3
What is the hundred thousands digit of 986259569?
2
What is the units digit of 104856859?
9
What is the thousands digit of 894829708?
9
What is the ten thousands digit of 163722541?
2
What is the hundred thousands digit of 1171079045?
0
What is the hundred millions digit of 103842608?
1
What is the hundred thousands digit of 1026865271?
8
What is the millions digit of 15030273?
5
What is the thousands digit of 14383793?
3
What is the units digit of 188646781?
1
What is the thousands digit of 240406222?
6
What is the units digit of 34740255?
5
What is the millions digit of 612227223?
2
What is the units digit of 2724973?
3
What is the thousands digit of 14027391?
7
What is the units digit of 30558699?
9
What is the hundreds digit of 2970530242?
2
What is the tens digit of 16676052?
5
What is the ten thousands digit of 1308065610?
6
What is the hundred thousands digit of 21557838?
5
What is the hundreds digit of 4363431328?
3
What is the ten thousands digit of 82497643?
9
What is the millions digit of 428636313?
8
What is the millions digit of 93940185?
3
What is the billions digit of 1477942851?
1
What is the millions digit of 1492288883?
2
What is the hundreds digit of 520808921?
9
What is the tens digit of 1851150516?
1
What is the hundred thousands digit of 94406158?
4
What is the hundred thousands digit of 2528862030?
8
What is the hundred millions digit of 514202758?
5
What is the hundred thousands digit of 216404011?
4
What is the thousands digit of 899140008?
0
What is the hundreds digit of 6430932278?
2
What is the thousands digit of 110419925?
9
What is the ten thousands digit of 189378160?
7
What is the ten millions digit of 1090443206?
9
What is the ten millions digit of 874658325?
7
What is the millions digit of 3465504?
3
What is the hundreds digit of 157948697?
6
What is the ten millions digit of 328634221?
2
What is the millions digit of 325050839?
5
What is the thousands digit of 84002031?
2
What is the tens digit of 1396634278?
7
What is the units digit of 1305629189?
9
What is the hundred thousands digit of 74108528?
1
What is the ten thousands digit of 51502990?
0
What is the thousands digit of 339326378?
6
What is the tens digit of 36713851?
5
What is the hundred thousands digit of 26789698?
7
What is the units digit of 950956997?
7
What is the ten thousands digit of 962988700?
8
What is the millions digit of 1448067560?
8
What is the millions digit of 216219092?
6
What is the billions digit of 1314962110?
1
What is the billions digit of 2098404969?
2
What is the ten thousands digit of 114196971?
9
What is the ten millions digit of 33948305?
3
What is the thousands digit of 4888262132?
2
What is the thousands digit of 1786641889?
1
What is the ten thousands digit of 1067760497?
6
What is the ten millions digit of 71626624?
7
What is the millions digit of 72095214?
2
What is the hundred thousands digit of 208216755?
2
What is the millions digit of 114372815?
4
What is the tens digit of 553397731?
3
What is the millions digit of 121119630?
1
What is the ten millions digit of 228405433?
2
What is the tens digit of 6692784299?
9
What is the ten thousands digit of 68839623?
3
What is the ten thousands digit of 8039914?
3
What is the hundred thousands digit of 1386082841?
0
What is the hundreds digit of 24709795?
7
What is the ten thousands digit of 750536684?
3
What is the hundred thousands digit of 51136510?
1
What is the ten millions digit of 21429781?
2
What is the thousands digit of 14338529?
8
What is the tens digit of 19391023?
2
What is the units digit of 67125250?
0
What is the millions digit of 1125772771?
5
What is the ten millions digit of 542302399?
4
What is the hundreds digit of 187129729?
7
What is the billions digit of 5179968268?
5
What is the thousands digit of 6161418?
1
What is the ten thousands digit of 459880728?
8
What is the thousands digit of 3657260653?
0
What is the units digit of 71200830?
0
What is the thousands digit of 79611907?
1
What is the ten thousands digit of 109608839?
0
What is the hundred millions digit of 1548580705?
5
What is the thousands digit of 140269883?
9
What is the billions digit of 2743044678?
2
What is the tens digit of 174261930?
3
What is the tens digit of 22038512?
1
What is the hundred thousands digit of 10593101?
5
What is the tens digit of 198112456?
5
What is the hundred thousands digit of 111483726?
4
What is the hundred thousands digit of 1056736257?
7
What is the tens digit of 66237965?
6
What is the millions digit of 251500520?
1
What is the units digit of 87759783?
3
What is the hundred thousands digit of 1709584310?
5
What is the hundred millions digit of 1070445503?
0
What is the hundreds digit of 5682072077?
0
What is the ten millions digit of 1447446296?
4
What is the hundreds digit of 441357917?
9
What is the millions digit of 203372512?
3
What is the ten thousands digit of 495819614?
1
What is the thousands digit of 2500203274?
3
What is the ten thousands digit of 51158368?
5
What is the hundred thousands digit of 1171978966?
9
What is the tens digit of 138578524?
2
What is the hundred millions digit of 189972358?
1
What is the units digit of 3885140955?
5
What is the units digit of 176181454?
4
What is the ten millions digit of 80411293?
8
What is the ten millions digit of 174809352?
7
What is the billions digit of 5053905691?
5
What is the hundreds digit of 1562749813?
8
What is the millions digit of 30554436?
0
What is the units digit of 137167042?
2
What is the hundred millions digit of 145642242?
1
What is the ten millions digit of 3648527969?
4
What is the hundreds digit of 55161069?
0
What is the hundred millions digit of 231360041?
2
What is the ten thousands digit of 160027633?
2
What is the ten millions digit of 176975538?
7
What is the hundreds digit of 36473323?
3
What is the ten millions digit of 2106506677?
0
What is the hundred thousands digit of 473720991?
7
What is the hundreds digit of 380208824?
8
What is the ten thousands digit of 102856024?
5
What is the hundred thousands digit of 178419413?
4
What is the thousands digit of 58117314?
7
What is the hundred thousands digit of 80798910?
7
What is the ten thousands digit of 1116648957?
4
What is the hundred thousands digit of 421784497?
7
What is the tens digit of 1094381497?
9
What is the thousands digit of 10964615?
4
What is the units digit of 7196482?
2
What is the tens digit of 116604566?
6
What is the hundred thousands digit of 246467438?
4
Wha